 3, what is 10112 - 1?
10111
In base 12, what is -23 + 7?
-18
In base 10, what is 0 + -155?
-155
In base 13, what is 4 - -13?
17
In base 9, what is -1 + 104?
103
In base 12, what is 2 - -152?
154
In base 12, what is -26b + 3?
-268
In base 11, what is 41 + 2?
43
In base 13, what is 5 - 351?
-349
In base 12, what is 10 + 6?
16
In base 12, what is 66 - 1?
65
In base 12, what is 1 - -4a8?
4a9
In base 10, what is 5 - 192?
-187
In base 12, what is 1856 + -1?
1855
In base 11, what is 130 + 4?
134
In base 13, what is -bb - 0?
-bb
In base 8, what is 140 + -6?
132
In base 10, what is 3 + -498?
-495
In base 16, what is -3 - -27?
24
In base 7, what is -31 + 16?
-12
In base 3, what is -21 + 1000?
202
In base 13, what is -123 - -3?
-120
In base 5, what is -3 + 1041?
1033
In base 3, what is 20102 - 12?
20020
In base 4, what is -1011 - -10?
-1001
In base 12, what is -17270 + -1?
-17271
In base 14, what is -32c + -4?
-332
In base 10, what is 290 + 2?
292
In base 11, what is 4 + -139?
-135
In base 12, what is 51a + 13?
531
In base 8, what is -34 + -7?
-43
In base 15, what is -698 + -2?
-69a
In base 10, what is 17 - 9?
8
In base 12, what is -3 + 152?
14b
In base 2, what is 1111 - -100011110?
100101101
In base 7, what is 53 + 255?
341
In base 12, what is -309 - -5?
-304
In base 6, what is 4412 - -4?
4420
In base 6, what is -4 + 1341?
1333
In base 5, what is 31 - 243?
-212
In base 14, what is -551 - -2?
-54d
In base 13, what is -108 + -2?
-10a
In base 10, what is 269 - -40?
309
In base 14, what is -5 - 13?
-18
In base 13, what is 2c - 68?
-39
In base 12, what is 4 + 2?
6
In base 4, what is -121102 + -123?
-121231
In base 3, what is -110 - -121100?
120220
In base 6, what is -11 + 14?
3
In base 6, what is 13 - -1031?
1044
In base 5, what is 3 - 3214?
-3211
In base 6, what is -23 + -304?
-331
In base 2, what is 111101110 - 11?
111101011
In base 9, what is -4 + -28?
-33
In base 16, what is 1f + -3?
1c
In base 3, what is 2 + -201?
-122
In base 2, what is -101 - 110?
-1011
In base 2, what is 0 + -110100?
-110100
In base 13, what is -1 + ab?
aa
In base 14, what is 4 - 2274?
-2270
In base 12, what is -9 + 48?
3b
In base 14, what is 20 + 1c?
3c
In base 10, what is 5 + -931?
-926
In base 6, what is 5 - 221?
-212
In base 8, what is 1365 - 13?
1352
In base 13, what is 5 + -65?
-60
In base 4, what is -1000 + -1332?
-2332
In base 10, what is -18 + 27?
9
In base 2, what is 101 + 11100101?
11101010
In base 16, what is 7d - -9?
86
In base 2, what is -10010001 + -10000?
-10100001
In base 2, what is -110010110111 - 0?
-110010110111
In base 8, what is 3641 - -5?
3646
In base 15, what is 3c + d2?
11e
In base 4, what is -12 - 22?
-100
In base 5, what is -104 + 0?
-104
In base 6, what is -143115 + -5?
-143124
In base 13, what is 3 + 233?
236
In base 5, what is 1 + 110?
111
In base 11, what is -41 - -7?
-35
In base 10, what is 1675 - -1?
1676
In base 2, what is 1101011 + 11?
1101110
In base 13, what is -2 - 87b?
-880
In base 8, what is -253 + -26?
-301
In base 9, what is -2 - -157?
155
In base 15, what is 5 - -15?
1a
In base 5, what is -4 + -4?
-13
In base 11, what is -36 + 361?
326
In base 7, what is 12 - 115?
-103
In base 10, what is -688 + 3?
-685
In base 16, what is fd6 - -2?
fd8
In base 8, what is -5 + -414?
-421
In base 6, what is -2 - -140?
134
In base 12, what is 3 - -8a2?
8a5
In base 11, what is a - -43?
52
In base 3, what is 1201 - -221000?
222201
In base 14, what is 1 + -6c?
-6b
In base 10, what is 2 + -2?
0
In base 8, what is 164 - -3?
167
In base 13, what is 1c - -69?
88
In base 9, what is -158 + 4?
-154
In base 2, what is 10 - -1010100010110?
1010100011000
In base 7, what is 32 + -33?
-1
In base 9, what is 1 + -1?
0
In base 8, what is 253 + 1?
254
In base 4, what is -20 - 120213?
-120233
In base 6, what is -1 + 25130?
25125
In base 14, what is 32 + -3?
2d
In base 15, what is 2 + 57?
59
In base 10, what is 660 - -5?
665
In base 10, what is 5 + 57?
62
In base 5, what is 134114 - 3?
134111
In base 14, what is 3 + 1c7?
1ca
In base 13, what is a - 839?
-82c
In base 11, what is 151 - 10?
141
In base 3, what is 121021002 - -11?
121021020
In base 2, what is -100 + 101010000?
101001100
In base 3, what is -1 + -1022?
-1100
In base 14, what is -2 + -2a?
-2c
In base 11, what is 25 + -1191?
-1167
In base 3, what is -122 + 1201?
1002
In base 12, what is -60 + 0?
-60
In base 7, what is 5 - 1330?
-1322
In base 13, what is -78 + -17?
-92
In base 6, what is 15032 - 2?
15030
In base 14, what is 232 + -3?
22d
In base 9, what is -2840 - -2?
-2837
In base 10, what is 2 - 81?
-79
In base 4, what is 10 - 12?
-2
In base 16, what is -3 - 16?
-19
In base 15, what is d + -c?
1
In base 3, what is 1200 - 12?
1111
In base 9, what is -152 + 48?
-103
In base 14, what is -a0 + -2?
-a2
In base 15, what is 5 - -12?
17
In base 11, what is 2 + 35?
37
In base 3, what is -202122000 + -11?
-202122011
In base 5, what is 144 + -11201?
-11002
In base 5, what is -1 - -1133?
1132
In base 3, what is 121011 - 10?
121001
In base 5, what is 24 - -10441?
11020
In base 16, what is 2c - 8?
24
In base 16, what is -8 - 15?
-1d
In base 13, what is 1 + -9b?
-9a
In base 2, what is -100001 - -110?
-11011
In base 14, what is -4 - 3a?
-40
In base 16, what is 0 + c0f?
c0f
In base 10, what is -968 + 5?
-963
In base 8, what is 10 - -351?
361
In base 9, what is -1 - 1521?
-1522
In base 4, what is 23102 - -11?
23113
In base 5, what is -13304 - -1?
-13303
In base 13, what is 277b - 1?
277a
In base 9, what is 34551 + 1?
34552
In base 2, what is -11101000110 + 100?
-11101000010
In base 10, what is -1730 + 3?
-1727
In base 12, what is -a + -10?
-1a
In base 15, what is -2 - 410?
-412
In base 12, what is -10 + 98?
88
In base 13, what is 10 - -3a?
4a
In base 4, what is -12222 + 1?
-12221
In base 16, what is 203 - -1?
204
In base 16, what is 16 - 205?
-1ef
In base 16, what is 3bec - 4?
3be8
In base 15, what is -e6 - 5?
-eb
In base 9, what is -328 - 0?
-328
In base 10, what is 4 + 19?
23
In base 14, what is 0 + -7ab?
-7ab
In base 10, what is -5 + -37?
-42
In base 7, what is -2 + 1255?
1253
In base 11, what is 5 + 15?
1a
In base 3, what is -200 + 12022?
11122
In base 7, what is 241 - 30?
211
In base 15, what is 1a - 0?
1a
In base 2, what is 1111000 - -10010?
10001010
In base 10, what is 1 - -77?
78
In base 4, what is 100 + -132?
-32
In base 9, what is -2 - 636?
-638
In base 8, what is 116 - 3?
113
In base 14, what is 2 + -135?
-133
In base 15, what is -78 - 5?
-7d
In base 12, what is 22 - -1?
23
In base 8, what is -346 + 26?
-320
In base 15, what is 0 - 17b?
-17b
In base 4, what is -132 - -22?
-110
In base 9, what is -2 - 156?
-158
In base 15, what is -1a - -2?
-18
In base 14, what is -6 + 40?
38
In base 2, what is -1 - 1100100?
-1100101
In base 12, what is -7 - 212?
-219
In base 5, what is -30 + 24?
-1
In base 6, what is 515 + 3?
522
In base 7, what is -3146 + -1?
-3150
In base 11, what is -5 + -232?
-237
In base 7, what is 0 - -130?
130
In base 12, what is 11 + -20?
-b
In base 3, what is 2 + 201?
210
In base 11, what is -17 - -a52?
a36
In base 8, what is 1766 - -3?
1771
In base 13, what is -639 - -4?
-635
In base 5, what is 12131 - 20?
12111
In base 4, what is -1 - 1210?
-1211
In base 9, what is 1 - 8?
-7
In base 14, what is -97c - 2?
-980
In base 11, what is -47 + -24?
-70
In base 5, what is -33 - -412?
324
In base 4, what is 233 - -1203?
2102
In base 13, what is 624 + 0?
624
In base 5, what is 103234 - 1?
103233
In base 3, what is 10 - -100201020?
100201100
In base 4, what is -2002 + -10?
-2012
In base 9, what is -1521 + -5?
-1526
In base 7, what is -115 - 1?
-116
In base 2, what is -1 - -11?
10
In base 14, what is -113 + -2?
-115
In base 16, what is 1e2 - 4?
1de
In base 8, what is 15761 + 4?
15765
In base 8, what is 11 + 40?
51
In base 2, what is -10000 + 0?
-10000
In base 13, what is 3 + 0?
3
In base 15, what is -16e - -3?
-16b
In base 6, what is 0 + -111?
-111
In base 12, what is -353 + 1a?
-335
In base 15, what is -2 - 1d?
-20
In base 11, what is -253 - 3?
-256
In base 3, what is -2 - 101?
-110
In base 13, what is -24 - -2ba?
296
In base 2, what is -101010 - -11?
-100111
In base 13, what is 10 - -35?
45
In base 12, what is 229 + 13?
240
In base 5, what is 12 - 3221?
-3204
In base 8, what is 221 - -5?
226
In base 10, what is -334 + -6?
